{"id":76,"date":"2019-06-25T09:04:06","date_gmt":"2019-06-25T09:04:06","guid":{"rendered":"https:\/\/themes.muffingroup.com\/be\/factory2\/?page_id=14"},"modified":"2025-12-04T19:40:39","modified_gmt":"2025-12-04T19:40:39","slug":"nuestros-servicios","status":"publish","type":"page","link":"https:\/\/estantesmaurogal.com\/?page_id=76","title":{"rendered":"Nuestros Servicios"},"content":{"rendered":"\t\t<div data-elementor-type=\"wp-page\" data-elementor-id=\"76\" class=\"elementor elementor-76\" data-elementor-post-type=\"page\">\n\t\t\t\t\t\t<section class=\"elementor-section elementor-top-section elementor-element elementor-element-25736a1 elementor-section-stretched elementor-section-boxed elementor-section-height-default elementor-section-height-default\" data-id=\"25736a1\" data-element_type=\"section\" data-settings=\"{&quot;stretch_section&quot;:&quot;section-stretched&quot;,&quot;background_background&quot;:&quot;classic&quot;}\">\n\t\t\t\t\t\t<div class=\"elementor-container elementor-column-gap-wider\">\n\t\t\t\t\t<div class=\"elementor-column elementor-col-100 elementor-top-column elementor-element elementor-element-791c1b4\" data-id=\"791c1b4\" data-element_type=\"column\">\n\t\t\t<div class=\"elementor-widget-wrap elementor-element-populated\">\n\t\t\t\t\t\t<section class=\"elementor-section elementor-inner-section elementor-element elementor-element-a4356bf elementor-section-content-middle elementor-section-boxed elementor-section-height-default elementor-section-height-default\" data-id=\"a4356bf\" data-element_type=\"section\">\n\t\t\t\t\t\t<div class=\"elementor-container elementor-column-gap-wider\">\n\t\t\t\t\t<div class=\"elementor-column elementor-col-50 elementor-inner-column elementor-element elementor-element-b98cf6c\" data-id=\"b98cf6c\" data-element_type=\"column\">\n\t\t\t<div class=\"elementor-widget-wrap elementor-element-populated\">\n\t\t\t\t\t\t<div class=\"elementor-element elementor-element-da01238 elementor-widget elementor-widget-text-editor\" data-id=\"da01238\" data-element_type=\"widget\" data-widget_type=\"text-editor.default\">\n\t\t\t\t<div class=\"elementor-widget-container\">\n\t\t\t\t\t\t\t\t\t<h2>Nuestros Servicios<\/h2>\t\t\t\t\t\t\t\t<\/div>\n\t\t\t\t<\/div>\n\t\t\t\t\t<\/div>\n\t\t<\/div>\n\t\t\t\t<div class=\"elementor-column elementor-col-50 elementor-inner-column elementor-element elementor-element-d404e46\" data-id=\"d404e46\" data-element_type=\"column\">\n\t\t\t<div class=\"elementor-widget-wrap elementor-element-populated\">\n\t\t\t\t\t\t<div class=\"elementor-element elementor-element-6da3bc7 elementor-widget elementor-widget-text-editor\" data-id=\"6da3bc7\" data-element_type=\"widget\" data-widget_type=\"text-editor.default\">\n\t\t\t\t<div class=\"elementor-widget-container\">\n\t\t\t\t\t\t\t\t\t<p><span style=\"font-weight: 400; color: #ffffff;\">En Maurogal ofrecemos soluciones met\u00e1licas personalizadas respaldadas por tecnolog\u00eda y precisi\u00f3n. Contamos con un equipo t\u00e9cnico especializado y maquinaria de alta calidad para garantizar acabados duraderos y funcionales en cada proyecto.\u00a0<\/span><\/p>\t\t\t\t\t\t\t\t<\/div>\n\t\t\t\t<\/div>\n\t\t\t\t\t<\/div>\n\t\t<\/div>\n\t\t\t\t\t<\/div>\n\t\t<\/section>\n\t\t\t\t<section class=\"elementor-section elementor-inner-section elementor-element elementor-element-9a1ce49 elementor-section-content-middle elementor-section-boxed elementor-section-height-default elementor-section-height-default\" data-id=\"9a1ce49\" data-element_type=\"section\">\n\t\t\t\t\t\t<div class=\"elementor-container elementor-column-gap-default\">\n\t\t\t\t\t<div class=\"elementor-column elementor-col-50 elementor-inner-column elementor-element elementor-element-56f8bbc\" data-id=\"56f8bbc\" data-element_type=\"column\" data-settings=\"{&quot;background_background&quot;:&quot;classic&quot;}\">\n\t\t\t<div class=\"elementor-widget-wrap elementor-element-populated\">\n\t\t\t\t\t\t<div class=\"elementor-element elementor-element-41d6c7d elementor-widget elementor-widget-image\" data-id=\"41d6c7d\" data-element_type=\"widget\" data-widget_type=\"image.default\">\n\t\t\t\t<div class=\"elementor-widget-container\">\n\t\t\t\t\t\t\t\t\t\t\t\t\t\t\t<img decoding=\"async\" src=\"https:\/\/estantesmaurogal.com\/wp-content\/uploads\/2019\/07\/factory2-offer-pic1.jpg\" title=\"\" alt=\"\" loading=\"lazy\" \/>\t\t\t\t\t\t\t\t\t\t\t\t\t\t\t<\/div>\n\t\t\t\t<\/div>\n\t\t\t\t<div class=\"elementor-element elementor-element-be05209 elementor-widget elementor-widget-text-editor\" data-id=\"be05209\" data-element_type=\"widget\" data-widget_type=\"text-editor.default\">\n\t\t\t\t<div class=\"elementor-widget-container\">\n\t\t\t\t\t\t\t\t\t<h4>Nuestros servicios incluyen:\u00a0<\/h4>\t\t\t\t\t\t\t\t<\/div>\n\t\t\t\t<\/div>\n\t\t\t\t<div class=\"elementor-element elementor-element-8571e9a elementor-widget elementor-widget-text-editor\" data-id=\"8571e9a\" data-element_type=\"widget\" data-widget_type=\"text-editor.default\">\n\t\t\t\t<div class=\"elementor-widget-container\">\n\t\t\t\t\t\t\t\t\t<ul><li><span style=\"font-weight: 400;\"> Corte y doblado de metal: precisi\u00f3n en medidas y acabados seg\u00fan las especificaciones del cliente.\u00a0<\/span><\/li><li><span style=\"font-weight: 400;\"> Soldadura de punto y estructural: uniones firmes y seguras para todo tipo de estructuras met\u00e1licas.\u00a0<\/span><\/li><li><span style=\"font-weight: 400;\"> Pintura electrost\u00e1tica al horno: recubrimiento resistente, est\u00e9tico y de larga duraci\u00f3n. \u25cf Fabricaci\u00f3n a medida: desarrollo de estructuras y mobiliario met\u00e1lico adaptado a cada necesidad.\u00a0<\/span><\/li><\/ul>\t\t\t\t\t\t\t\t<\/div>\n\t\t\t\t<\/div>\n\t\t\t\t\t<\/div>\n\t\t<\/div>\n\t\t\t\t<div class=\"elementor-column elementor-col-50 elementor-inner-column elementor-element elementor-element-2acd6dd\" data-id=\"2acd6dd\" data-element_type=\"column\" data-settings=\"{&quot;background_background&quot;:&quot;classic&quot;}\">\n\t\t\t<div class=\"elementor-widget-wrap elementor-element-populated\">\n\t\t\t\t\t\t<div class=\"elementor-element elementor-element-cb8679e elementor-widget elementor-widget-image\" data-id=\"cb8679e\" data-element_type=\"widget\" data-widget_type=\"image.default\">\n\t\t\t\t<div class=\"elementor-widget-container\">\n\t\t\t\t\t\t\t\t\t\t\t\t\t\t\t<img fetchpriority=\"high\" decoding=\"async\" width=\"800\" height=\"800\" src=\"https:\/\/estantesmaurogal.com\/wp-content\/uploads\/2025\/10\/343046_1.jpg\" class=\"attachment-large size-large wp-image-112\" alt=\"\" srcset=\"https:\/\/estantesmaurogal.com\/wp-content\/uploads\/2025\/10\/343046_1.jpg 800w, https:\/\/estantesmaurogal.com\/wp-content\/uploads\/2025\/10\/343046_1-500x500.jpg 500w, https:\/\/estantesmaurogal.com\/wp-content\/uploads\/2025\/10\/343046_1-300x300.jpg 300w, https:\/\/estantesmaurogal.com\/wp-content\/uploads\/2025\/10\/343046_1-768x768.jpg 768w, https:\/\/estantesmaurogal.com\/wp-content\/uploads\/2025\/10\/343046_1-150x150.jpg 150w, https:\/\/estantesmaurogal.com\/wp-content\/uploads\/2025\/10\/343046_1-75x75.jpg 75w, https:\/\/estantesmaurogal.com\/wp-content\/uploads\/2025\/10\/343046_1-480x480.jpg 480w\" sizes=\"(max-width:767px) 480px, (max-width:800px) 100vw, 800px\" \/>\t\t\t\t\t\t\t\t\t\t\t\t\t\t\t<\/div>\n\t\t\t\t<\/div>\n\t\t\t\t\t<\/div>\n\t\t<\/div>\n\t\t\t\t\t<\/div>\n\t\t<\/section>\n\t\t\t\t<section class=\"elementor-section elementor-inner-section elementor-element elementor-element-2b524ec elementor-section-boxed elementor-section-height-default elementor-section-height-default\" data-id=\"2b524ec\" data-element_type=\"section\">\n\t\t\t\t\t\t<div class=\"elementor-container elementor-column-gap-default\">\n\t\t\t\t\t<div class=\"elementor-column elementor-col-50 elementor-inner-column elementor-element elementor-element-bb4cc45\" data-id=\"bb4cc45\" data-element_type=\"column\" data-settings=\"{&quot;background_background&quot;:&quot;classic&quot;}\">\n\t\t\t<div class=\"elementor-widget-wrap elementor-element-populated\">\n\t\t\t\t\t\t<div class=\"elementor-element elementor-element-7046c1c elementor-widget elementor-widget-image\" data-id=\"7046c1c\" data-element_type=\"widget\" data-widget_type=\"image.default\">\n\t\t\t\t<div class=\"elementor-widget-container\">\n\t\t\t\t\t\t\t\t\t\t\t\t\t\t\t<img decoding=\"async\" width=\"800\" height=\"1200\" src=\"https:\/\/estantesmaurogal.com\/wp-content\/uploads\/2025\/10\/2A-800x1200.jpg\" class=\"attachment-large size-large wp-image-113\" alt=\"\" srcset=\"https:\/\/estantesmaurogal.com\/wp-content\/uploads\/2025\/10\/2A-800x1200.jpg 800w, https:\/\/estantesmaurogal.com\/wp-content\/uploads\/2025\/10\/2A-333x500.jpg 333w, https:\/\/estantesmaurogal.com\/wp-content\/uploads\/2025\/10\/2A-200x300.jpg 200w, https:\/\/estantesmaurogal.com\/wp-content\/uploads\/2025\/10\/2A-768x1152.jpg 768w, https:\/\/estantesmaurogal.com\/wp-content\/uploads\/2025\/10\/2A-50x75.jpg 50w, https:\/\/estantesmaurogal.com\/wp-content\/uploads\/2025\/10\/2A-480x720.jpg 480w, https:\/\/estantesmaurogal.com\/wp-content\/uploads\/2025\/10\/2A.jpg 1000w\" sizes=\"(max-width:767px) 480px, (max-width:800px) 100vw, 800px\" \/>\t\t\t\t\t\t\t\t\t\t\t\t\t\t\t<\/div>\n\t\t\t\t<\/div>\n\t\t\t\t\t<\/div>\n\t\t<\/div>\n\t\t\t\t<div class=\"elementor-column elementor-col-50 elementor-inner-column elementor-element elementor-element-f748113\" data-id=\"f748113\" data-element_type=\"column\" data-settings=\"{&quot;background_background&quot;:&quot;classic&quot;}\">\n\t\t\t<div class=\"elementor-widget-wrap elementor-element-populated\">\n\t\t\t\t\t\t<div class=\"elementor-element elementor-element-b61e715 elementor-widget elementor-widget-text-editor\" data-id=\"b61e715\" data-element_type=\"widget\" data-widget_type=\"text-editor.default\">\n\t\t\t\t<div class=\"elementor-widget-container\">\n\t\t\t\t\t\t\t\t\t<h4>Productos:<\/h4>\t\t\t\t\t\t\t\t<\/div>\n\t\t\t\t<\/div>\n\t\t\t\t<div class=\"elementor-element elementor-element-c4370f3 elementor-widget elementor-widget-text-editor\" data-id=\"c4370f3\" data-element_type=\"widget\" data-widget_type=\"text-editor.default\">\n\t\t\t\t<div class=\"elementor-widget-container\">\n\t\t\t\t\t\t\t\t\t<p><span style=\"font-weight: 400;\">Actualmente nos especializamos en la fabricaci\u00f3n de estanter\u00edas met\u00e1licas, g\u00f3ndolas para puntos de venta y en el desarrollo de productos personalizados bajo pedido.\u00a0<\/span><\/p><p><span style=\"font-weight: 400;\">L\u00edneas de producto:<\/span><\/p><ul><li><span style=\"font-weight: 400;\"> Estanter\u00edas met\u00e1licas: ideales para uso industrial, comercial y dom\u00e9stico. \u25cf G\u00f3ndolas: Para exhibici\u00f3n de productos en puntos de venta.\u00a0<\/span><\/li><li><span style=\"font-weight: 400;\"> Estructuras met\u00e1licas personalizadas.\u00a0<\/span><\/li><\/ul><p><b>Ventajas de nuestros productos:<\/b><\/p><p><span style=\"font-weight: 400;\">\u00a0Alta resistencia y durabilidad.\u00a0<\/span><\/p><ul><li><span style=\"font-weight: 400;\"> Acabados de alta calidad.\u00a0<\/span><\/li><li><span style=\"font-weight: 400;\"> Fabricaci\u00f3n a medida seg\u00fan las necesidades particulares.\u00a0<\/span><\/li><li><span style=\"font-weight: 400;\"> Entrega puntual y control de calidad en cada pieza.\u00a0<\/span><\/li><\/ul>\t\t\t\t\t\t\t\t<\/div>\n\t\t\t\t<\/div>\n\t\t\t\t\t<\/div>\n\t\t<\/div>\n\t\t\t\t\t<\/div>\n\t\t<\/section>\n\t\t\t\t\t<\/div>\n\t\t<\/div>\n\t\t\t\t\t<\/div>\n\t\t<\/section>\n\t\t\t\t<section class=\"elementor-section elementor-top-section elementor-element elementor-element-a9177ba elementor-section-stretched elementor-section-boxed elementor-section-height-default elementor-section-height-default\" data-id=\"a9177ba\" data-element_type=\"section\" data-settings=\"{&quot;stretch_section&quot;:&quot;section-stretched&quot;,&quot;background_background&quot;:&quot;classic&quot;}\">\n\t\t\t\t\t\t<div class=\"elementor-container elementor-column-gap-wider\">\n\t\t\t\t\t<div class=\"elementor-column elementor-col-100 elementor-top-column elementor-element elementor-element-91036fb\" data-id=\"91036fb\" data-element_type=\"column\">\n\t\t\t<div class=\"elementor-widget-wrap elementor-element-populated\">\n\t\t\t\t\t\t<section class=\"elementor-section elementor-inner-section elementor-element elementor-element-03db687 elementor-section-boxed elementor-section-height-default elementor-section-height-default\" data-id=\"03db687\" data-element_type=\"section\">\n\t\t\t\t\t\t<div class=\"elementor-container elementor-column-gap-default\">\n\t\t\t\t\t<div class=\"elementor-column elementor-col-100 elementor-inner-column elementor-element elementor-element-5119e18\" data-id=\"5119e18\" data-element_type=\"column\">\n\t\t\t<div class=\"elementor-widget-wrap elementor-element-populated\">\n\t\t\t\t\t\t<div class=\"elementor-element elementor-element-ae56cf6 elementor-widget elementor-widget-text-editor\" data-id=\"ae56cf6\" data-element_type=\"widget\" data-widget_type=\"text-editor.default\">\n\t\t\t\t<div class=\"elementor-widget-container\">\n\t\t\t\t\t\t\t\t\t<h2><span style=\"color: #ffffff;\">COMUNICATE CON NOSOTROS<\/span><\/h2>\t\t\t\t\t\t\t\t<\/div>\n\t\t\t\t<\/div>\n\t\t\t\t<div class=\"elementor-element elementor-element-3a84d8b elementor-widget elementor-widget-spacer\" data-id=\"3a84d8b\" data-element_type=\"widget\" data-widget_type=\"spacer.default\">\n\t\t\t\t<div class=\"elementor-widget-container\">\n\t\t\t\t\t\t\t<div class=\"elementor-spacer\">\n\t\t\t<div class=\"elementor-spacer-inner\"><\/div>\n\t\t<\/div>\n\t\t\t\t\t\t<\/div>\n\t\t\t\t<\/div>\n\t\t\t\t<div class=\"elementor-element elementor-element-3dbcfe4 elementor-mobile-align-justify elementor-widget elementor-widget-button\" data-id=\"3dbcfe4\" data-element_type=\"widget\" data-widget_type=\"button.default\">\n\t\t\t\t<div class=\"elementor-widget-container\">\n\t\t\t\t\t\t\t\t\t<div class=\"elementor-button-wrapper\">\n\t\t\t\t\t<a class=\"elementor-button elementor-button-link elementor-size-sm\" href=\"https:\/\/estantesmaurogal.com\/how-we-work\/\">\n\t\t\t\t\t\t<span class=\"elementor-button-content-wrapper\">\n\t\t\t\t\t\t<span class=\"elementor-button-icon\">\n\t\t\t\t<i aria-hidden=\"true\" class=\"fas fa-angle-right\"><\/i>\t\t\t<\/span>\n\t\t\t\t\t\t\t\t\t<span class=\"elementor-button-text\">ESCRIBENOS<\/span>\n\t\t\t\t\t<\/span>\n\t\t\t\t\t<\/a>\n\t\t\t\t<\/div>\n\t\t\t\t\t\t\t\t<\/div>\n\t\t\t\t<\/div>\n\t\t\t\t\t<\/div>\n\t\t<\/div>\n\t\t\t\t\t<\/div>\n\t\t<\/section>\n\t\t\t\t\t<\/div>\n\t\t<\/div>\n\t\t\t\t\t<\/div>\n\t\t<\/section>\n\t\t\t\t<\/div>\n\t\t","protected":false},"excerpt":{"rendered":"<p>Nuestros Servicios En Maurogal ofrecemos soluciones met\u00e1licas personalizadas respaldadas por tecnolog\u00eda y precisi\u00f3n. Contamos con un equipo t\u00e9cnico especializado y maquinaria de alta calidad para garantizar<span class=\"excerpt-hellip\"> [\u2026]<\/span><\/p>\n","protected":false},"author":1,"featured_media":67,"parent":0,"menu_order":0,"comment_status":"open","ping_status":"closed","template":"","meta":{"_joinchat":[],"footnotes":""},"class_list":["post-76","page","type-page","status-publish","has-post-thumbnail","hentry"],"yoast_head":"<!-- This site is optimized with the Yoast SEO plugin v26.5 - https:\/\/yoast.com\/wordpress\/plugins\/seo\/ -->\n<title>Servicios de Metal: Corte, Doblado y Pintura Electrost\u00e1tica<\/title>\n<meta name=\"description\" content=\"Ofrecemos servicios de: corte y doblado de metal, soldadura, pintura electrost\u00e1tica al horno y fabricaci\u00f3n a medida. Soluciones precisas\" \/>\n<meta name=\"robots\" content=\"index, follow, max-snippet:-1, max-image-preview:large, max-video-preview:-1\" \/>\n<link rel=\"canonical\" href=\"https:\/\/estantesmaurogal.com\/?page_id=76\" \/>\n<meta property=\"og:locale\" content=\"es_ES\" \/>\n<meta property=\"og:type\" content=\"article\" \/>\n<meta property=\"og:title\" content=\"Servicios de Metal: Corte, Doblado y Pintura Electrost\u00e1tica\" \/>\n<meta property=\"og:description\" content=\"Ofrecemos servicios de: corte y doblado de metal, soldadura, pintura electrost\u00e1tica al horno y fabricaci\u00f3n a medida. Soluciones precisas\" \/>\n<meta property=\"og:url\" content=\"https:\/\/estantesmaurogal.com\/?page_id=76\" \/>\n<meta property=\"og:site_name\" content=\"Estantes Maurogal\" \/>\n<meta property=\"article:modified_time\" content=\"2025-12-04T19:40:39+00:00\" \/>\n<meta name=\"twitter:card\" content=\"summary_large_image\" \/>\n<meta name=\"twitter:image\" content=\"https:\/\/estantesmaurogal.com\/wp-content\/uploads\/2019\/06\/factory2-offer-subheaderbg.jpg\" \/>\n<meta name=\"twitter:label1\" content=\"Tiempo de lectura\" \/>\n\t<meta name=\"twitter:data1\" content=\"2 minutos\" \/>\n<script type=\"application\/ld+json\" class=\"yoast-schema-graph\">{\"@context\":\"https:\/\/schema.org\",\"@graph\":[{\"@type\":\"WebPage\",\"@id\":\"https:\/\/estantesmaurogal.com\/?page_id=76\",\"url\":\"https:\/\/estantesmaurogal.com\/?page_id=76\",\"name\":\"Servicios de Metal: Corte, Doblado y Pintura Electrost\u00e1tica\",\"isPartOf\":{\"@id\":\"https:\/\/estantesmaurogal.com\/#website\"},\"primaryImageOfPage\":{\"@id\":\"https:\/\/estantesmaurogal.com\/?page_id=76#primaryimage\"},\"image\":{\"@id\":\"https:\/\/estantesmaurogal.com\/?page_id=76#primaryimage\"},\"thumbnailUrl\":\"https:\/\/estantesmaurogal.com\/wp-content\/uploads\/2019\/06\/factory2-offer-subheaderbg.jpg\",\"datePublished\":\"2019-06-25T09:04:06+00:00\",\"dateModified\":\"2025-12-04T19:40:39+00:00\",\"description\":\"Ofrecemos servicios de: corte y doblado de metal, soldadura, pintura electrost\u00e1tica al horno y fabricaci\u00f3n a medida. Soluciones precisas\",\"breadcrumb\":{\"@id\":\"https:\/\/estantesmaurogal.com\/?page_id=76#breadcrumb\"},\"inLanguage\":\"es\",\"potentialAction\":[{\"@type\":\"ReadAction\",\"target\":[\"https:\/\/estantesmaurogal.com\/?page_id=76\"]}]},{\"@type\":\"ImageObject\",\"inLanguage\":\"es\",\"@id\":\"https:\/\/estantesmaurogal.com\/?page_id=76#primaryimage\",\"url\":\"https:\/\/estantesmaurogal.com\/wp-content\/uploads\/2019\/06\/factory2-offer-subheaderbg.jpg\",\"contentUrl\":\"https:\/\/estantesmaurogal.com\/wp-content\/uploads\/2019\/06\/factory2-offer-subheaderbg.jpg\"},{\"@type\":\"BreadcrumbList\",\"@id\":\"https:\/\/estantesmaurogal.com\/?page_id=76#breadcrumb\",\"itemListElement\":[{\"@type\":\"ListItem\",\"position\":1,\"name\":\"Portada\",\"item\":\"https:\/\/estantesmaurogal.com\/\"},{\"@type\":\"ListItem\",\"position\":2,\"name\":\"Nuestros Servicios\"}]},{\"@type\":\"WebSite\",\"@id\":\"https:\/\/estantesmaurogal.com\/#website\",\"url\":\"https:\/\/estantesmaurogal.com\/\",\"name\":\"Estantes Maurogal\",\"description\":\"Dise\u00f1o y fabricaci\u00f3n de estanter\u00edas y estructuras met\u00e1licas\",\"publisher\":{\"@id\":\"https:\/\/estantesmaurogal.com\/#organization\"},\"potentialAction\":[{\"@type\":\"SearchAction\",\"target\":{\"@type\":\"EntryPoint\",\"urlTemplate\":\"https:\/\/estantesmaurogal.com\/?s={search_term_string}\"},\"query-input\":{\"@type\":\"PropertyValueSpecification\",\"valueRequired\":true,\"valueName\":\"search_term_string\"}}],\"inLanguage\":\"es\"},{\"@type\":\"Organization\",\"@id\":\"https:\/\/estantesmaurogal.com\/#organization\",\"name\":\"Estantes Maurogal\",\"url\":\"https:\/\/estantesmaurogal.com\/\",\"logo\":{\"@type\":\"ImageObject\",\"inLanguage\":\"es\",\"@id\":\"https:\/\/estantesmaurogal.com\/#\/schema\/logo\/image\/\",\"url\":\"https:\/\/estantesmaurogal.com\/wp-content\/uploads\/2025\/11\/logo-mau.png\",\"contentUrl\":\"https:\/\/estantesmaurogal.com\/wp-content\/uploads\/2025\/11\/logo-mau.png\",\"width\":621,\"height\":205,\"caption\":\"Estantes Maurogal\"},\"image\":{\"@id\":\"https:\/\/estantesmaurogal.com\/#\/schema\/logo\/image\/\"}}]}<\/script>\n<!-- \/ Yoast SEO plugin. -->","yoast_head_json":{"title":"Servicios de Metal: Corte, Doblado y Pintura Electrost\u00e1tica","description":"Ofrecemos servicios de: corte y doblado de metal, soldadura, pintura electrost\u00e1tica al horno y fabricaci\u00f3n a medida. Soluciones precisas","robots":{"index":"index","follow":"follow","max-snippet":"max-snippet:-1","max-image-preview":"max-image-preview:large","max-video-preview":"max-video-preview:-1"},"canonical":"https:\/\/estantesmaurogal.com\/?page_id=76","og_locale":"es_ES","og_type":"article","og_title":"Servicios de Metal: Corte, Doblado y Pintura Electrost\u00e1tica","og_description":"Ofrecemos servicios de: corte y doblado de metal, soldadura, pintura electrost\u00e1tica al horno y fabricaci\u00f3n a medida. Soluciones precisas","og_url":"https:\/\/estantesmaurogal.com\/?page_id=76","og_site_name":"Estantes Maurogal","article_modified_time":"2025-12-04T19:40:39+00:00","twitter_card":"summary_large_image","twitter_image":"https:\/\/estantesmaurogal.com\/wp-content\/uploads\/2019\/06\/factory2-offer-subheaderbg.jpg","twitter_misc":{"Tiempo de lectura":"2 minutos"},"schema":{"@context":"https:\/\/schema.org","@graph":[{"@type":"WebPage","@id":"https:\/\/estantesmaurogal.com\/?page_id=76","url":"https:\/\/estantesmaurogal.com\/?page_id=76","name":"Servicios de Metal: Corte, Doblado y Pintura Electrost\u00e1tica","isPartOf":{"@id":"https:\/\/estantesmaurogal.com\/#website"},"primaryImageOfPage":{"@id":"https:\/\/estantesmaurogal.com\/?page_id=76#primaryimage"},"image":{"@id":"https:\/\/estantesmaurogal.com\/?page_id=76#primaryimage"},"thumbnailUrl":"https:\/\/estantesmaurogal.com\/wp-content\/uploads\/2019\/06\/factory2-offer-subheaderbg.jpg","datePublished":"2019-06-25T09:04:06+00:00","dateModified":"2025-12-04T19:40:39+00:00","description":"Ofrecemos servicios de: corte y doblado de metal, soldadura, pintura electrost\u00e1tica al horno y fabricaci\u00f3n a medida. Soluciones precisas","breadcrumb":{"@id":"https:\/\/estantesmaurogal.com\/?page_id=76#breadcrumb"},"inLanguage":"es","potentialAction":[{"@type":"ReadAction","target":["https:\/\/estantesmaurogal.com\/?page_id=76"]}]},{"@type":"ImageObject","inLanguage":"es","@id":"https:\/\/estantesmaurogal.com\/?page_id=76#primaryimage","url":"https:\/\/estantesmaurogal.com\/wp-content\/uploads\/2019\/06\/factory2-offer-subheaderbg.jpg","contentUrl":"https:\/\/estantesmaurogal.com\/wp-content\/uploads\/2019\/06\/factory2-offer-subheaderbg.jpg"},{"@type":"BreadcrumbList","@id":"https:\/\/estantesmaurogal.com\/?page_id=76#breadcrumb","itemListElement":[{"@type":"ListItem","position":1,"name":"Portada","item":"https:\/\/estantesmaurogal.com\/"},{"@type":"ListItem","position":2,"name":"Nuestros Servicios"}]},{"@type":"WebSite","@id":"https:\/\/estantesmaurogal.com\/#website","url":"https:\/\/estantesmaurogal.com\/","name":"Estantes Maurogal","description":"Dise\u00f1o y fabricaci\u00f3n de estanter\u00edas y estructuras met\u00e1licas","publisher":{"@id":"https:\/\/estantesmaurogal.com\/#organization"},"potentialAction":[{"@type":"SearchAction","target":{"@type":"EntryPoint","urlTemplate":"https:\/\/estantesmaurogal.com\/?s={search_term_string}"},"query-input":{"@type":"PropertyValueSpecification","valueRequired":true,"valueName":"search_term_string"}}],"inLanguage":"es"},{"@type":"Organization","@id":"https:\/\/estantesmaurogal.com\/#organization","name":"Estantes Maurogal","url":"https:\/\/estantesmaurogal.com\/","logo":{"@type":"ImageObject","inLanguage":"es","@id":"https:\/\/estantesmaurogal.com\/#\/schema\/logo\/image\/","url":"https:\/\/estantesmaurogal.com\/wp-content\/uploads\/2025\/11\/logo-mau.png","contentUrl":"https:\/\/estantesmaurogal.com\/wp-content\/uploads\/2025\/11\/logo-mau.png","width":621,"height":205,"caption":"Estantes Maurogal"},"image":{"@id":"https:\/\/estantesmaurogal.com\/#\/schema\/logo\/image\/"}}]}},"jetpack_sharing_enabled":true,"_links":{"self":[{"href":"https:\/\/estantesmaurogal.com\/index.php?rest_route=\/wp\/v2\/pages\/76","targetHints":{"allow":["GET"]}}],"collection":[{"href":"https:\/\/estantesmaurogal.com\/index.php?rest_route=\/wp\/v2\/pages"}],"about":[{"href":"https:\/\/estantesmaurogal.com\/index.php?rest_route=\/wp\/v2\/types\/page"}],"author":[{"embeddable":true,"href":"https:\/\/estantesmaurogal.com\/index.php?rest_route=\/wp\/v2\/users\/1"}],"replies":[{"embeddable":true,"href":"https:\/\/estantesmaurogal.com\/index.php?rest_route=%2Fwp%2Fv2%2Fcomments&post=76"}],"version-history":[{"count":17,"href":"https:\/\/estantesmaurogal.com\/index.php?rest_route=\/wp\/v2\/pages\/76\/revisions"}],"predecessor-version":[{"id":553,"href":"https:\/\/estantesmaurogal.com\/index.php?rest_route=\/wp\/v2\/pages\/76\/revisions\/553"}],"wp:featuredmedia":[{"embeddable":true,"href":"https:\/\/estantesmaurogal.com\/index.php?rest_route=\/wp\/v2\/media\/67"}],"wp:attachment":[{"href":"https:\/\/estantesmaurogal.com\/index.php?rest_route=%2Fwp%2Fv2%2Fmedia&parent=76"}],"curies":[{"name":"wp","href":"https:\/\/api.w.org\/{rel}","templated":true}]}}